{"id":142,"date":"2026-04-09T15:18:10","date_gmt":"2026-04-09T15:18:10","guid":{"rendered":"https:\/\/dev-in-sure.absinformatyk.pl\/?page_id=142"},"modified":"2026-04-09T16:09:20","modified_gmt":"2026-04-09T16:09:20","slug":"szkolenia","status":"publish","type":"page","link":"https:\/\/dev-in-sure.absinformatyk.pl\/?page_id=142","title":{"rendered":"Szkolenia"},"content":{"rendered":"<p>Witaj,<br \/>Nazywam si\u0119 Beata i w In-Sure prowadz\u0119 dzia\u0142 szkole\u0144.<\/p>\n<p>Odpowiadam w szczeg\u00f3lno\u015bci za:<\/p>\n<ul>\n<li>Rejestracj\u0119 nowych agent\u00f3w i OWCzA<\/li>\n<li>Doskonalenie Twojej wiedzy produktowej<\/li>\n<li>Poszerzanie Twoich umiej\u0119tno\u015bci sprzeda\u017cowych<\/li>\n<\/ul>\n<p>Czuwaj\u0105c nad \u015bcie\u017ck\u0105 rejestracji, pomog\u0119 Ci w ca\u0142ym procesie.<\/p>\n","protected":false},"excerpt":{"rendered":"<p>Witaj,Nazywam si\u0119 Beata i w In-Sure prowadz\u0119 dzia\u0142 szkole\u0144. Odpowiadam w szczeg\u00f3lno\u015bci za: Rejestracj\u0119 nowych agent\u00f3w i OWCzA Doskonalenie Twojej wiedzy produktowej Poszerzanie Twoich umiej\u0119tno\u015bci sprzeda\u017cowych Czuwaj\u0105c nad \u015bcie\u017ck\u0105 rejestracji, pomog\u0119 Ci w ca\u0142ym procesie.<\/p>\n","protected":false},"author":1,"featured_media":0,"parent":0,"menu_order":0,"comment_status":"closed","ping_status":"closed","template":"","meta":{"footnotes":""},"class_list":["post-142","page","type-page","status-publish","hentry"],"_links":{"self":[{"href":"https:\/\/dev-in-sure.absinformatyk.pl\/index.php?rest_route=\/wp\/v2\/pages\/142","targetHints":{"allow":["GET"]}}],"collection":[{"href":"https:\/\/dev-in-sure.absinformatyk.pl\/index.php?rest_route=\/wp\/v2\/pages"}],"about":[{"href":"https:\/\/dev-in-sure.absinformatyk.pl\/index.php?rest_route=\/wp\/v2\/types\/page"}],"author":[{"embeddable":true,"href":"https:\/\/dev-in-sure.absinformatyk.pl\/index.php?rest_route=\/wp\/v2\/users\/1"}],"replies":[{"embeddable":true,"href":"https:\/\/dev-in-sure.absinformatyk.pl\/index.php?rest_route=%2Fwp%2Fv2%2Fcomments&post=142"}],"version-history":[{"count":3,"href":"https:\/\/dev-in-sure.absinformatyk.pl\/index.php?rest_route=\/wp\/v2\/pages\/142\/revisions"}],"predecessor-version":[{"id":190,"href":"https:\/\/dev-in-sure.absinformatyk.pl\/index.php?rest_route=\/wp\/v2\/pages\/142\/revisions\/190"}],"wp:attachment":[{"href":"https:\/\/dev-in-sure.absinformatyk.pl\/index.php?rest_route=%2Fwp%2Fv2%2Fmedia&parent=142"}],"curies":[{"name":"wp","href":"https:\/\/api.w.org\/{rel}","templated":true}]}}